{"id":39,"date":"2023-01-15T04:08:09","date_gmt":"2023-01-15T03:08:09","guid":{"rendered":"http:\/\/all-egypt.ch\/?page_id=39"},"modified":"2023-01-27T16:30:32","modified_gmt":"2023-01-27T15:30:32","slug":"livre-dor","status":"publish","type":"page","link":"https:\/\/all-egypt.ch\/index.php\/livre-dor\/","title":{"rendered":"Livre d&rsquo;or"},"content":{"rendered":"\n<div class=\"wp-block-group alignfull has-background has-large-font-size\" style=\"background-color:#ffffff00\"><div class=\"wp-block-group__inner-container is-layout-constrained wp-block-group-is-layout-constrained\">\n<div class=\"wp-block-columns alignwide is-layout-flex wp-container-core-columns-is-layout-9d6595d7 wp-block-columns-is-layout-flex\">\n<div class=\"wp-block-column is-layout-flow wp-block-column-is-layout-flow\" style=\"flex-basis:66.66%\">\n<p class=\"has-background\" style=\"background-color:#ffffff00\">\u00ab\u00a0Du fond du c\u0153ur nous te remercions pour ce tr\u00e8s beau voyage! Une superbe aventure que nous ne sommes pas pr\u00eats d&rsquo;oublier! Merci pour l&rsquo;organisation de celui-ci, merci pour ta patience, ton \u00e9coute, ta gentillesse, ton d\u00e9vouement. Nous avons aussi appr\u00e9ci\u00e9 ta passion pour ce tr\u00e8s beau pays qu&rsquo;est l&rsquo;\u00c9gypte, c&rsquo;est tout simplement magnifique! Nous te souhaitons tous une tr\u00e8s bonne continuation et esp\u00e9rons te revoir lors d&rsquo;un de tes prochains voyages! Insha allah!\u00a0\u00bb <strong>Patricia,&nbsp; groupe 2007 <\/strong><\/p>\n\n\n\n<p class=\"has-background\" style=\"background-color:#ffffff00\">\u00ab\u00a0Merci pour l&rsquo;organisation de ce magnifique voyage. Tu as su parfaitement bien nous transmettre ton amour et ton enthousiasme pour ce magnifique pays. merci beaucoup pour ta gentillesse, ta patience, ta disponibilit\u00e9 et ton \u00e9coute qui ont fait que ce voyage restera pour toujours un de mes meilleurs souvenirs. bonne continuation et encore mille merci.\u00a0\u00bb <strong>Gabrielle, 2007<\/strong><\/p>\n\n\n\n<p class=\"has-background\" style=\"background-color:#ffffff00\"> \u00ab\u00a0Merci de nous avoir organis\u00e9 ce merveilleux voyage inoubliable.\u00a0\u00bb <strong>Cathy et Nadia, 2007<\/strong> <\/p>\n\n\n\n<p class=\"has-background\" style=\"background-color:#ffffff00\">\u00ab\u00a0Merci pour ce magnifique voyage organis\u00e9 \u00e0 la perfection. J&rsquo;\u00e9prouve beaucoup de plaisir \u00e0 me rem\u00e9morer les paysages splendides et ces t\u00e9moins mill\u00e9naires d&rsquo;une si riche civilisation. un tout grand merci! Je ne trouve pas les superlatifs pour exprimer le plaisir immense que j&rsquo;\u00e9prouve en appr\u00e9ciant le contenu du dvd, l&rsquo;exp\u00e9dition au Sina\u00ef touche au sublime. Soyez certaine que ce voyage a \u00e9t\u00e9 une r\u00e9v\u00e9lation, une r\u00e9ussite totale gr\u00e2ce \u00e0 vous qui avez \u00e9t\u00e9 aux petits soins pour nous et avez pris le temps de prendre de superbes images de ces temps forts. Bravo et encore merci pour tout.\u00a0\u00bb <strong>Michel et Pierrette, 2008<\/strong><\/p>\n\n\n\n<p class=\"has-background\" style=\"background-color:#ffffff00\"> \u00ab\u00a0Merci pour ce magnifique voyage, un souvenir inoubliable!\u00a0\u00bb <strong>Claudine et Alois, 2009 <\/strong><\/p>\n\n\n\n<p class=\"has-background\" style=\"background-color:#ffffff00\">\u00ab\u00a0Merci pour ce voyage. c&rsquo;\u00e9tait tr\u00e8s chouette. plus j&rsquo;y pense, plus je me dis que c&rsquo;\u00e9tait un tr\u00e8s tr\u00e8s beau voyage. on \u00e9tait vraiment un groupe super. merci encore beaucoup pour l&rsquo;organisation et tout et tout.\u00a0\u00bb <strong>Silvia, 2009<\/strong><\/p>\n\n\n\n<p class=\"has-background\" style=\"background-color:#ffffff00\"> \u00ab\u00a0Herzlichen dank, es war eine sehr sch\u00f6ne reise, von der man noch lange tra\u00fcmen kann.\u00a0\u00bb <strong>Anna, 2009 <\/strong><\/p>\n\n\n\n<p class=\"has-background\" style=\"background-color:#ffffff00\">\u00ab\u00a0Gr\u00e2ce \u00e0 toi nous avons pu r\u00e9aliser un beau r\u00eave en d\u00e9couvrant un pays fascinant et magnifique. un tout grand merci pour ta gentillesse, ta disponibilit\u00e9 et ta sympathie.\u00a0\u00bb <strong>Fernande, 2010 <\/strong><\/p>\n\n\n\n<p class=\"has-background\" style=\"background-color:#ffffff00\">\u00ab\u00a0D\u00e9couvrir tant de merveilles en si peu de temps est un privil\u00e8ge que je n\u2019aurais pas eu l\u2019opportunit\u00e9 de vivre sans ta belle initiative de partager ta passion pour l&rsquo;\u00c9gypte. merci pour ta gentillesse et mes v\u0153ux de succ\u00e8s pour tes futurs beaux voyages.\u00a0\u00bb <strong>Lucette, 2010 <\/strong><\/p>\n\n\n\n<p class=\"has-background\" style=\"background-color:#ffffff00\">\u00ab\u00a0Magnifique, fabuleux, extraordinaire, envo\u00fbtant.. que dire devant un tel feu d\u2019artifices qui a jalonn\u00e9 tout ce voyage. et comment exprimer notre reconnaissance pour ton d\u00e9vouement, ta sinc\u00e9rit\u00e9 et ta spontan\u00e9it\u00e9.. peut-\u00eatre un mot simple et porteur de gratitude&nbsp;: merci&nbsp;!\u00a0\u00bb <strong>Pierre-Andr\u00e9 et Nathalie, 2010 <\/strong><\/p>\n\n\n\n<p class=\"has-background\" style=\"background-color:#ffffff00\">\u00ab\u00a0Merci d\u2019avoir \u00e9t\u00e9 notre \u00ab&nbsp;guide&nbsp;\u00bb pendant ce merveilleux voyage. magique&nbsp;! quel privil\u00e8ge que d\u2019avoir pu y participer.\u00a0\u00bb <strong>Suzanne, 2010 <\/strong><\/p>\n\n\n\n<p class=\"has-background\" style=\"background-color:#ffffff00\">\u00ab\u00a0Gr\u00e2ce \u00e0 un ami commun, j\u2019ai pu participer \u00e0 ce voyage et faire ta connaissance. circuit magique, r\u00e9ussi, par ton enthousiasme pour ce pays. merci pour ta pr\u00e9venance et ton humeur toujours \u00e9gale. tout de bon pour le futur.\u00a0\u00bb <strong>Colette, 2010<\/strong> <\/p>\n\n\n\n<p class=\"has-background\" style=\"background-color:#ffffff00\">\u00ab\u00a0Voyage pharaonique et des plus enchanteurs. Merci.\u00a0\u00bb <strong>Marie-No\u00eblle, 2010 <\/strong><\/p>\n\n\n\n<p class=\"has-background\" style=\"background-color:#ffffff00\">\u00ab\u00a0Merci, gr\u00e2ce \u00e0 vous j\u2019ai pu r\u00e9aliser mon r\u00eave de voir et conna\u00eetre cette ensorcelante \u00c9gypte, patrimoine sans \u00e9quivalent dans ce monde&nbsp;! vous m\u2019avez accept\u00e9e, malgr\u00e9 mon \u00e2ge et mon handicap. un \u00e9norme merci pour votre gentillesse, attention et savoir-faire \u00e0 mon \u00e9gard.\u00a0\u00bb <strong>Sanda, 2010 <\/strong><\/p>\n\n\n\n<p class=\"has-background\" style=\"background-color:#ffffff00\">\u00ab\u00a0Je confirme comme tout le monde que ce voyage fut une grande r\u00e9ussite. merci du fond du c\u0153ur et je remercie le destin de m\u2019avoir mise sur ta route. J\u2019en parlerai encore et encore.. amiti\u00e9.\u00a0\u00bb <strong>Danielle, 2010<\/strong><\/p>\n\n\n\n<p class=\"has-background\" style=\"background-color:#ffffff00\">\u00ab\u00a0Merci de nous avoir fait partager ta passion de l&rsquo;\u00c9gypte. Nous avons d\u00e9couvert des lieux grandioses et garderons un magnifique souvenir de ce pays plein de contrastes. Avec toute notre amiti\u00e9.\u00a0\u00bb <strong>Marie-No\u00eblle et groupe, 2011<\/strong><\/p>\n\n\n<div class=\"wp-block-image\">\n<figure class=\"aligncenter size-full is-resized\"><img loading=\"lazy\" decoding=\"async\" src=\"https:\/\/all-egypt.ch\/wp-content\/uploads\/2023\/01\/Eye_of_Horus_Right.svg_-1.png\" alt=\"\" class=\"wp-image-81\" width=\"90\" height=\"90\" srcset=\"https:\/\/all-egypt.ch\/wp-content\/uploads\/2023\/01\/Eye_of_Horus_Right.svg_-1.png 200w, https:\/\/all-egypt.ch\/wp-content\/uploads\/2023\/01\/Eye_of_Horus_Right.svg_-1-150x150.png 150w\" sizes=\"auto, (max-width: 90px) 100vw, 90px\" \/><\/figure>\n<\/div><\/div>\n\n\n\n<div class=\"wp-block-column is-layout-flow wp-block-column-is-layout-flow\" style=\"flex-basis:33.33%\"><\/div>\n<\/div>\n<\/div><\/div>\n","protected":false},"excerpt":{"rendered":"<p>\u00ab\u00a0Du fond du c\u0153ur nous te remercions pour ce tr\u00e8s beau voyage! Une superbe aventure que nous ne sommes pas pr\u00eats d&rsquo;oublier! Merci pour l&rsquo;organisation de celui-ci, merci pour ta patience, ton \u00e9coute, ta gentillesse, ton d\u00e9vouement. Nous avons aussi appr\u00e9ci\u00e9 ta passion pour ce tr\u00e8s beau pays qu&rsquo;est l&rsquo;\u00c9gypte, c&rsquo;est tout simplement magnifique! Nous&hellip; <a class=\"more-link\" href=\"https:\/\/all-egypt.ch\/index.php\/livre-dor\/\">Poursuivre la lecture <span class=\"screen-reader-text\">Livre d&rsquo;or<\/span><\/a><\/p>\n","protected":false},"author":1,"featured_media":0,"parent":0,"menu_order":0,"comment_status":"closed","ping_status":"closed","template":"","meta":{"footnotes":""},"class_list":["post-39","page","type-page","status-publish","hentry","entry"],"_links":{"self":[{"href":"https:\/\/all-egypt.ch\/index.php\/wp-json\/wp\/v2\/pages\/39","targetHints":{"allow":["GET"]}}],"collection":[{"href":"https:\/\/all-egypt.ch\/index.php\/wp-json\/wp\/v2\/pages"}],"about":[{"href":"https:\/\/all-egypt.ch\/index.php\/wp-json\/wp\/v2\/types\/page"}],"author":[{"embeddable":true,"href":"https:\/\/all-egypt.ch\/index.php\/wp-json\/wp\/v2\/users\/1"}],"replies":[{"embeddable":true,"href":"https:\/\/all-egypt.ch\/index.php\/wp-json\/wp\/v2\/comments?post=39"}],"version-history":[{"count":29,"href":"https:\/\/all-egypt.ch\/index.php\/wp-json\/wp\/v2\/pages\/39\/revisions"}],"predecessor-version":[{"id":991,"href":"https:\/\/all-egypt.ch\/index.php\/wp-json\/wp\/v2\/pages\/39\/revisions\/991"}],"wp:attachment":[{"href":"https:\/\/all-egypt.ch\/index.php\/wp-json\/wp\/v2\/media?parent=39"}],"curies":[{"name":"wp","href":"https:\/\/api.w.org\/{rel}","templated":true}]}}