{"id":831,"date":"2023-01-18T17:08:10","date_gmt":"2023-01-18T16:08:10","guid":{"rendered":"https:\/\/all-egypt.ch\/?page_id=831"},"modified":"2023-01-27T16:28:55","modified_gmt":"2023-01-27T15:28:55","slug":"gaestekommentare","status":"publish","type":"page","link":"https:\/\/all-egypt.ch\/index.php\/language\/de\/gaestekommentare\/","title":{"rendered":"Gaestekommentare"},"content":{"rendered":"\n<div class=\"wp-block-columns alignwide is-layout-flex wp-container-core-columns-is-layout-9d6595d7 wp-block-columns-is-layout-flex\">\n<div class=\"wp-block-column is-layout-flow wp-block-column-is-layout-flow\" style=\"flex-basis:66.66%\">\n<div class=\"wp-block-group alignfull has-background has-large-font-size\" style=\"background-color:#ffffff00\"><div class=\"wp-block-group__inner-container is-layout-constrained wp-block-group-is-layout-constrained\">\n<p>\u00ab\u00a0Aus tiefstem Herzen danken wir Ihnen f\u00fcr diese wundersch\u00f6ne Reise! Ein hervorragendes Abenteuer, das wir nicht so schnell vergessen werden! Danke f\u00fcr die Organisation, danke f\u00fcr Ihre Geduld, Ihr Zuh\u00f6ren, Ihre Freundlichkeit und Ihre Hingabe. Wir haben auch Ihre Leidenschaft f\u00fcr dieses wundersch\u00f6ne Land \u00c4gypten gesch\u00e4tzt, es ist einfach gro\u00dfartig! Wir w\u00fcnschen Ihnen alles Gute und hoffen, Sie bei einer Ihrer n\u00e4chsten Reisen wiederzusehen! Insha allah!\u00a0\u00bb <strong>Patricia, Gruppe 2007<\/strong><\/p>\n\n\n\n<p> \u00ab\u00a0Vielen Dank f\u00fcr die Organisation dieser pr\u00e4chtigen Reise. Sie haben Ihre Liebe und Begeisterung f\u00fcr dieses sch\u00f6ne Land perfekt vermittelt. Herzlichen Dank f\u00fcr Ihre Freundlichkeit, Geduld, Verf\u00fcgbarkeit und Zuh\u00f6ren, das diese Reise zu einer meiner besten Erinnerungen gemacht hat. Alles Gute und nochmals vielen Dank.\u00a0\u00bb <strong>Gabrielle, 2007<\/strong><\/p>\n\n\n\n<p> \u00ab\u00a0Vielen Dank f\u00fcr die Organisation dieser wundervollen und unvergesslichen Reise.\u00a0\u00bb <strong>Cathy und Nadia, 2007<\/strong><\/p>\n\n\n\n<p> \u00ab\u00a0Vielen Dank f\u00fcr diese pr\u00e4chtige Reise, die perfekt organisiert war. Ich habe viel Freude daran, an die wundersch\u00f6nen Landschaften und diese Jahrtausendalten Zeugen einer so reichen Zivilisation zur\u00fcckzudenken. Herzlichen Dank! Ich finde keine Superlative, um die immense Freude auszudr\u00fccken, die ich empfinde, wenn ich den Inhalt der DVD bewundere, die Expedition nach Sinai ist erhaben. Seien Sie sicher, dass diese Reise eine Offenbarung und ein voller Erfolg war, dank Ihnen, die aufmerksam zu uns waren und sich die Zeit genommen haben, wundersch\u00f6ne Bilder von diesen H\u00f6hepunkten zu machen. Bravo und nochmals vielen Dank f\u00fcr alles.\u00a0\u00bb <strong>Michel und Pierrette, 2008 <\/strong><\/p>\n\n\n\n<p>\u00ab\u00a0Vielen Dank f\u00fcr diese pr\u00e4chtige Reise, eine unvergessliche Erinnerung!\u00a0\u00bb <strong>Caudine und Alois, 2009<\/strong> <\/p>\n\n\n\n<p>\u00ab\u00a0Vielen Dank f\u00fcr diese Reise. Es war sehr sch\u00f6n. Je mehr ich dar\u00fcber nachdenke, desto mehr sage ich mir, dass es eine sehr, sehr sch\u00f6ne Reise war. Wir waren wirklich eine gro\u00dfartige Gruppe. Nochmals vielen Dank f\u00fcr die Organisation und alles.\u00a0\u00bb <strong>Silvia, 2009<\/strong><\/p>\n\n\n\n<p> \u00ab\u00a0Herzlichen Dank, es war eine sehr sch\u00f6ne Reise, von der man noch lange tr\u00e4umen kann.\u00a0\u00bb <strong>Anna, 2009<\/strong><\/p>\n\n\n\n<p>\u00ab\u00a0Danke, dass Sie uns geholfen haben, einen wundersch\u00f6nen Traum zu verwirklichen, indem wir ein faszinierendes und pr\u00e4chtiges Land entdeckt haben. Ein gro\u00dfes Dankesch\u00f6n f\u00fcr Ihre Freundlichkeit, Verf\u00fcgbarkeit und Sympathie.\u00a0\u00bb <strong>Fernande, 2010 <\/strong><\/p>\n\n\n\n<p>\u00ab\u00a0Pr\u00e4chtig, fabelhaft, au\u00dfergew\u00f6hnlich, verzaubernd&#8230; was soll man sagen vor einer Feuerwerksshow, die diese Reise gepr\u00e4gt hat. Und wie kann man unseren Dank f\u00fcr Ihre Hingabe, Aufrichtigkeit und Spontaneit\u00e4t ausdr\u00fccken&#8230; vielleicht mit einem einfachen Wort und tragendem Dank: danke!\u00a0\u00bb <strong>Pierre-Andr\u00e9 und Nathalie, 2010 <\/strong><\/p>\n\n\n\n<p>\u00ab\u00a0So viele Wunder in so kurzer Zeit zu entdecken, ist ein Privileg, das ich ohne Ihre wundersch\u00f6ne Initiative, Ihre Leidenschaft f\u00fcr \u00c4gypten zu teilen, nicht gehabt h\u00e4tte. Danke f\u00fcr Ihre Freundlichkeit und meine W\u00fcnsche f\u00fcr Ihre zuk\u00fcnftigen wundersch\u00f6nen Reisen.\u00a0\u00bb<strong> Lucette, 2010 <\/strong><\/p>\n\n\n\n<p>\u00ab\u00a0Danke, dass Sie unser \u00ab\u00a0F\u00fchrer\u00a0\u00bb w\u00e4hrend dieser wundervollen und magischen Reise waren. Was f\u00fcr ein Privileg, daran teilnehmen zu d\u00fcrfen.\u00a0\u00bb <strong>Suzanne, 2010 <\/strong><\/p>\n\n\n\n<p>\u00ab\u00a0Dank einer gemeinsamen Freundin konnte ich an dieser Reise teilnehmen und Sie kennenlernen. Die Reise war magisch und erfolgreich, dank Ihres Enthusiasmus f\u00fcr dieses Land. Danke f\u00fcr Ihre Freundlichkeit und Ihre immer gleiche Stimmung. Alles Gute f\u00fcr die Zukunft.\u00a0\u00bb <strong>Colette, 2010 <\/strong><\/p>\n\n\n\n<p>\u00ab\u00a0Pharaonische und am meisten verzaubernde Reise. Danke.\u00a0\u00bb <strong>Marie-Noelle, 2010<\/strong><\/p>\n\n\n\n<p> \u00ab\u00a0Danke, dass ich dank Ihnen meinen Traum, dieses verzaubernde \u00c4gypten zu sehen und zu kennen, verwirklichen konnte, ein Erbe ohne gleiches in dieser Welt! Sie haben mich akzeptiert, trotz meines Alters und meiner Behinderung. Ein riesiges Dankesch\u00f6n f\u00fcr Ihre Freundlichkeit, Aufmerksamkeit und Know-how gegen\u00fcber mir.\u00a0\u00bb<strong> Sanda, 2010 <\/strong><\/p>\n\n\n\n<p>\u00ab\u00a0Ich best\u00e4tige wie alle, dass diese Reise ein gro\u00dfer Erfolg war. Herzlichen Dank und ich danke dem Schicksal, dass es mich auf Ihren Weg gebracht hat. Ich werde immer wieder dar\u00fcber sprechen&#8230; Freundschaft.\u00a0\u00bb <strong>Danielle, 2010<\/strong><\/p>\n\n\n<div class=\"wp-block-image\">\n<figure class=\"aligncenter size-full is-resized\"><img loading=\"lazy\" decoding=\"async\" src=\"https:\/\/all-egypt.ch\/wp-content\/uploads\/2023\/01\/Eye_of_Horus_Right.svg_-1.png\" alt=\"\" class=\"wp-image-81\" width=\"90\" height=\"90\" srcset=\"https:\/\/all-egypt.ch\/wp-content\/uploads\/2023\/01\/Eye_of_Horus_Right.svg_-1.png 200w, https:\/\/all-egypt.ch\/wp-content\/uploads\/2023\/01\/Eye_of_Horus_Right.svg_-1-150x150.png 150w\" sizes=\"auto, (max-width: 90px) 100vw, 90px\" \/><\/figure>\n<\/div><\/div><\/div>\n<\/div>\n\n\n\n<div class=\"wp-block-column is-layout-flow wp-block-column-is-layout-flow\" style=\"flex-basis:33.33%\"><\/div>\n<\/div>\n\n\n\n<div class=\"wp-block-columns alignwide is-layout-flex wp-container-core-columns-is-layout-9d6595d7 wp-block-columns-is-layout-flex\">\n<div class=\"wp-block-column is-layout-flow wp-block-column-is-layout-flow\" style=\"flex-basis:66.66%\"><\/div>\n<\/div>\n","protected":false},"excerpt":{"rendered":"<p>\u00ab\u00a0Aus tiefstem Herzen danken wir Ihnen f\u00fcr diese wundersch\u00f6ne Reise! Ein hervorragendes Abenteuer, das wir nicht so schnell vergessen werden! Danke f\u00fcr die Organisation, danke f\u00fcr Ihre Geduld, Ihr Zuh\u00f6ren, Ihre Freundlichkeit und Ihre Hingabe. Wir haben auch Ihre Leidenschaft f\u00fcr dieses wundersch\u00f6ne Land \u00c4gypten gesch\u00e4tzt, es ist einfach gro\u00dfartig! Wir w\u00fcnschen Ihnen alles Gute&hellip; <a class=\"more-link\" href=\"https:\/\/all-egypt.ch\/index.php\/language\/de\/gaestekommentare\/\">Poursuivre la lecture <span class=\"screen-reader-text\">Gaestekommentare<\/span><\/a><\/p>\n","protected":false},"author":1,"featured_media":0,"parent":0,"menu_order":0,"comment_status":"closed","ping_status":"closed","template":"","meta":{"footnotes":""},"class_list":["post-831","page","type-page","status-publish","hentry","entry"],"_links":{"self":[{"href":"https:\/\/all-egypt.ch\/index.php\/wp-json\/wp\/v2\/pages\/831","targetHints":{"allow":["GET"]}}],"collection":[{"href":"https:\/\/all-egypt.ch\/index.php\/wp-json\/wp\/v2\/pages"}],"about":[{"href":"https:\/\/all-egypt.ch\/index.php\/wp-json\/wp\/v2\/types\/page"}],"author":[{"embeddable":true,"href":"https:\/\/all-egypt.ch\/index.php\/wp-json\/wp\/v2\/users\/1"}],"replies":[{"embeddable":true,"href":"https:\/\/all-egypt.ch\/index.php\/wp-json\/wp\/v2\/comments?post=831"}],"version-history":[{"count":9,"href":"https:\/\/all-egypt.ch\/index.php\/wp-json\/wp\/v2\/pages\/831\/revisions"}],"predecessor-version":[{"id":986,"href":"https:\/\/all-egypt.ch\/index.php\/wp-json\/wp\/v2\/pages\/831\/revisions\/986"}],"wp:attachment":[{"href":"https:\/\/all-egypt.ch\/index.php\/wp-json\/wp\/v2\/media?parent=831"}],"curies":[{"name":"wp","href":"https:\/\/api.w.org\/{rel}","templated":true}]}}